9 = 2*m - 51. Suppose 0*b = -5*b + 120. Calculate the remainder when b is divided by w.
8
Suppose 16*q = 11*q + 95. Suppose 5*k + 10 = -10. What is the remainder when q is divided by (k/10)/((-2)/50)?
9
Let s(b) = b**2 + 8*b. Let f be s(-8). Suppose q - 4*q = f. Calculate the remainder when 2 is divided by 0 + 1 - q/(-8).
0
Suppose 28*v - 10*v = 324. What is the remainder when 249 is divided by v?
15
Suppose 8*y + 61 = u + 4*y, 0 = -4*u - 4*y + 324. Calculate the remainder when u is divided by 36.
5
Suppose 4*i - 4*r + 0*r = -4, 5*i + 4*r = 22. Suppose 0 = y - w + 5*w - 27, -i*y = -2*w - 4. What is the remainder when 5*5 + (-6)/(-3) is divided by y?
6
Let c = 3 + 0. Suppose 2*l + c*h + 4 = -0, -5*l + 40 = -5*h. Calculate the remainder when l is divided by 3.
1
Suppose 683 = -j - 989. What is the remainder when 15/(-25) + (3 - j/20) is divided by 10?
6
Let a = -34 + 30. Calculate the remainder when ((-32)/2)/a - -27 is divided by 8.
7
Let x(w) = 6*w**2 - 10*w + 6. What is the remainder when 236 is divided by x(3)?
26
Let m(t) = 32*t**3 + t**2 - 1. Calculate the remainder when 12*(-4)/(-12)*(1 - -22) is divided by m(1).
28
Calculate the remainder when 168 is divided by 1/((147/(-154))/(-21)).
14
Suppose 4*y + 8 = 0, 2*k - 19 = k + 4*y. Let g(c) = -c**3 + 6*c**2 - 3*c + 1. Suppose -5 = -3*d + 7. Calculate the remainder when g(d) is divided by k.
10
Let y(l) = l**3 + 7*l**2 + 11*l + 16. What is the remainder when 18 is divided by y(-5)?
7
Suppose -2*q = 3*g - 26, g + 8 = -3*g. Suppose 2*h + 4*k - q = 36, 55 = 2*h + 5*k. Calculate the remainder when 56 is divided by h.
16
Suppose -3*z + z = -12. Suppose -r = -z*r + 80. What is the remainder when 29 is divided by r?
13
What is the remainder when (162/(-36))/(-1 + 121/122) is divided by 46?
43
Let q = 1 - -3. Suppose k - 67 = -5*c, k = -c - q*k + 23. Calculate the remainder when c is divided by 3.
1
Let z = 19 + -3. What is the remainder when 17 is divided by (z/(-48))/((-2)/18)?
2
Suppose -9 = 2*p + h, 6*p - 2*p + 3*h = -17. Calculate the remainder when (44/p)/((-5)/50) is divided by 30.
28
Let j(f) = -2*f**2 - 25*f + 41. What is the remainder when 137 is divided by j(-13)?
25
Let c = 24 + 4. Let j = c - 16. What is the remainder when j is divided by 7?
5
Suppose -9*o + 0*o = -369. Suppose 0 = -h - 5*m + o, h + 3*m = -h + 54. What is the remainder when h is divided by 7?
0
Let f be 3 + -1857*(-1 - -2). Suppose 5*p - 280 = 2*x - 7*x, -p + 115 = 2*x. Calculate the remainder when x is divided by (-6)/10 + f/(-90).
19
Suppose -9*r = -167 + 32. Let j = 24 - r. What is the remainder when 9 is divided by j?
0
Let p = -60 - -112. Suppose 5*h + p = v, 5*v - 220 = -2*h + 7*h. Calculate the remainder when 122 is divided by v.
38
Let u = -57 + 60. Suppose -2*a + 4 + 9 = 3*r, u*r = 4*a + 1. What is the remainder when 19 is divided by r?
1
Suppose b = 3*b + 52. Let d = 38 + b. Let f(a) = 2*a**3 + a**2 - 2*a + 2. What is the remainder when d is divided by f(1)?
0
Suppose -2*y + 152 = 2*y. Let v = 752 - 679. Calculate the remainder when v is divided by y.
35
Suppose 2535 - 240 = 17*l. Calculate the remainder when 1481 is divided by l.
131
Let i(b) = 2*b**2 - 25*b + 34. What is the remainder when i(16) is divided by 51?
44
Let n(h) = h**2 + 5*h + 9. Suppose -4 = 4*v + 28. What is the remainder when 98 is divided by n(v)?
32
Suppose 4*c - 48 - 36 = 0. Let v(n) = -3*n**2 + 76*n - 421. Calculate the remainder when v(13) is divided by c.
18
Let t(m) = -m**3 - 8*m**2 - 2*m + 17. Let c be t(-7). Calculate the remainder when 54 is divided by 6*(-16)/c*(-15)/(-10).
6
Suppose 36 = d + 12. Let s(k) = -23*k - 14. Let o be s(9). Let j = -128 - o. Calculate the remainder when j is divided by d.
21
Suppose 36 = 3*h - 117. Suppose 3*u - 6*u = -h. Let y = 24 - 15. Calculate the remainder when u is divided by y.
8
Let w = -380 + 1479. Calculate the remainder when w is divided by 19.
16
Let k be (-19)/(-4)*(-24)/(-6). Let a = k - -28. Suppose -3*d - 85 = -5*z, -2*d - a = -2*z - 9. Calculate the remainder when z is divided by 8.
6
Let s(f) = -2*f + 11. Let c be s(8). Let y(d) = d**2 + 7*d + 10. Let z be y(c). Suppose -o + 9 + 1 = z. What is the remainder when o is divided by 3?
1
Suppose 2*f + 2*x + 46 = 4*x, 107 = -5*f - 3*x. Let g = f + 35. Calculate the remainder when 50 is divided by g.
11
Suppose -5*m + p + 57 = 0, -4*m - 5*p + 23 = -m. What is the remainder when 16 is divided by m?
5
Let v be (-466)/14 + 14/49. Let m = 190 + v. What is the remainder when m is divided by 40?
37
Suppose 5*t - 7 = -3*d, 3*d - 3 - 2 = -4*t. Let s(k) = -11*k + 2. What is the remainder when 63 is divided by s(d)?
11
Let j = -143 - -263. Let q = 156 - j. What is the remainder when q is divided by 24?
12
Suppose 40 + 0 = 2*y. Suppose -5*d - 5*b + 21 = -b, 0 = -5*d - 2*b + 23. Suppose -s - 4 = d*c, -s = s + 2*c - 8. What is the remainder when y is divided by s?
2
Suppose 3*c + 5*p = 9, -2 = 2*c + 5*p - 3. Let v be 2/c - 15/(-4). What is the remainder when 27 is divided by -5 + v + 10 - 2?
6
Let w(m) = 7*m**2 - 15*m - 28. Calculate the remainder when 59 is divided by w(-2).
29
Let l(i) = -i**3 - 5*i**2 - 2*i + 11. Let k be 4/(-10) + (-2 - 13/5). Calculate the remainder when 81 is divided by l(k).
18
Suppose 2*n - 14 = -4. Suppose 0 = -2*d + n*r - 12, 5*d + 4*r = d + 4. Calculate the remainder when (-67 - d)/(-3) + -2 is divided by 11.
9
Let z = 5 + 8. Suppose 5 = 4*r - 3, -4*j + 2*r - 12 = 0. Calculate the remainder when (2 + -1)*(34 - j) is divided by z.
10
Suppose -3*t + 3*r = 33, -3*t = 2*t + 5*r + 25. Let o = t - -17. Suppose 5*v - 2*v = f - o, 0 = 5*f - v - 31. Calculate the remainder when 34 is divided by f.
4
Let r = -81 - -93. Suppose -15*y + r*y = -27. Suppose -10 = 4*t - 142. What is the remainder when t is divided by y?
6
Let w(j) = -21*j - 1. Suppose 60 = 5*u + 5*y - 55, 89 = 4*u + y. What is the remainder when w(-3) is divided by u?
18
Suppose 0 = v + 3*i + 1, i - 9 = -3*v + 20. Let c = v - -41. What is the remainder when c is divided by 11?
8
Let r be (-30)/165 - -41*(-28)/(-22). Suppose 0 = 3*j + 6, -8*x = -11*x + 5*j + r. What is the remainder when x is divided by 3?
2
Let m = 170 + -174. Calculate the remainder when (0 - 2)/(m/126) is divided by 150/9 - 2/3.
15
Let p(u) = -u**3 + 42*u**2 - 9*u + 412. Suppose -5*a + a = -536. Calculate the remainder when a is divided by p(42).
32
What is the remainder when 131 is divided by 9/33 - (-3234)/121?
23
Let k = -14 - 10. Let f = k - -41. Suppose 17*h = 201 + 904. Calculate the remainder when h is divided by f.
14
Suppose -100*d + 94*d = -2760. Calculate the remainder when d is divided by 22.
20
Let m(g) = g**2 + 4*g + 3. Let b be m(-4). Suppose 69 = 3*x + 2*n, -3*x - 26 + 74 = -5*n. What is the remainder when x is divided by (b/(-4))/(2/(-16))?
3
Let b = 283 - 145. Calculate the remainder when (10/15)/(4/b) is divided by 13.
10
Let k = -7 - -28. Let v = -20 + k. Calculate the remainder when 40 is divided by 0 - v/((-1)/21).
19
Suppose 2*f + 3*p = 13 + 1, 18 = 3*f + 3*p. Suppose -300 = 2*s - f*s. Suppose 3*c - s = c. Calculate the remainder when c is divided by 19.
18
Let o be ((-2)/(-1))/4*(0 - 8). What is the remainder when (2/(o/2))/(4/(-428)) is divided by 36?
35
Suppose 3 + 73 = 2*n + 3*p, 0 = 3*n + p - 121. Suppose 0 = -2*t - 0*t. Suppose t = 4*j - 94 + 38. What is the remainder when n is divided by j?
13
Suppose 0 = -4*x - 7 - 1, 83 = 5*u + x. Calculate the remainder when (-5)/1 + (-4480)/(-128) is divided by u.
13
Calculate the remainder when (612/(-2))/((20 + -37)/17) is divided by 74.
10
Let r(k) = -10*k - 58. Let t(s) = -5*s - 29. Let q(g) = 2*r(g) - 5*t(g). Calculate the remainder when q(12) is divided by 13.
11
Let u = -3 - 7. Let f(a) = a**2 + 5*a + 12. Calculate the remainder when f(u) is divided by 16.
14
Calculate the remainder when (-9)/(-18) + ((-46)/(-4) - 1) is divided by 6.
5
Suppose 10 + 56 = 2*r. What is the remainder when r is divided by ((-15)/5)/(2/12*-1)?
15
Let x = -89 - -131. Calculate the remainder when x is divided by 11.
9
Let w(j) = j - 97. Let i be w(0). Let p = i + 186. Calculate the remainder when p is divided by 18.
17
Let l(r) = -6*r + 38. Suppose 0 = 2*p + 4*g + g + 23, 0 = 3*p + 2*g + 29. What is the remainder when l(p) is divided by 19?
16
Suppose -b 